is divided by 27.
23
Calculate the remainder when 48496 is divided by 3727.
45
Calculate the remainder when 4345 is divided by 1783.
779
What is the remainder when 43002 is divided by 715?
102
What is the remainder when 57716 is divided by 14429?
0
What is the remainder when 8938 is divided by 570?
388
What is the remainder when 18025 is divided by 18017?
8
Calculate the remainder when 10770 is divided by 472.
386
Calculate the remainder when 235789 is divided by 3101.
113
What is the remainder when 465963 is divided by 9?
6
Calculate the remainder when 767 is divided by 45.
2
What is the remainder when 1776 is divided by 888?
0
Calculate the remainder when 30384 is divided by 453.
33
What is the remainder when 5755 is divided by 5738?
17
What is the remainder when 12240 is divided by 33?
30
What is the remainder when 102273 is divided by 12?
9
Calculate the remainder when 7309 is divided by 99.
82
What is the remainder when 56977 is divided by 73?
37
Calculate the remainder when 1235 is divided by 1106.
129
Calculate the remainder when 471158 is divided by 39.
38
Calculate the remainder when 3455 is divided by 379.
44
Calculate the remainder when 1885359 is divided by 102.
93
What is the remainder when 14522 is divided by 220?
2
What is the remainder when 959 is divided by 897?
62
Calculate the remainder when 15955 is divided by 19.
14
What is the remainder when 42239 is divided by 4?
3
Calculate the remainder when 1199711 is divided by 165.
161
Calculate the remainder when 3941 is divided by 487.
45
Calculate the remainder when 9008808 is divided by 1970.
1968
What is the remainder when 5439 is divided by 362?
9
What is the remainder when 377 is divided by 220?
157
Calculate the remainder when 19841 is divided by 143.
107
Calculate the remainder when 3843 is divided by 136.
35
Calculate the remainder when 6284112 is divided by 397.
396
What is the remainder when 152240 is divided by 19?
12
What is the remainder when 206367 is divided by 12?
3
What is the remainder when 97499 is divided by 125?
124
What is the remainder when 342789 is divided by 9?
6
What is the remainder when 3284 is divided by 251?
21
Calculate the remainder when 55767 is divided by 7958.
61
Calculate the remainder when 4593 is divided by 655.
8
Calculate the remainder when 814571 is divided by 254.
247
What is the remainder when 4589 is divided by 16?
13
Calculate the remainder when 117513 is divided by 21.
18
What is the remainder when 10266 is divided by 10226?
40
Calculate the remainder when 559812 is divided by 30.
12
What is the remainder when 13792 is divided by 1?
0
What is the remainder when 1625770 is divided by 12?
10
What is the remainder when 124113 is divided by 103?
101
What is the remainder when 81191 is divided by 369?
11
Calculate the remainder when 38215 is divided by 63.
37
Calculate the remainder when 25091 is divided by 35.
31
What is the remainder when 3485 is divided by 320?
285
What is the remainder when 685 is divided by 38?
1
Calculate the remainder when 11067 is divided by 2184.
147
What is the remainder when 14551 is divided by 18?
7
Calculate the remainder when 24629 is divided by 1026.
5
Calculate the remainder when 1869 is divided by 280.
189
What is the remainder when 109567 is divided by 6445?
2
Calculate the remainder when 11508 is divided by 11466.
42
Calculate the remainder when 298630 is divided by 23.
21
Calculate the remainder when 53080 is divided by 12.
4
Calculate the remainder when 63286 is divided by 1130.
6
What is the remainder when 397677 is divided by 157?
153
What is the remainder when 283630 is divided by 15?
10
What is the remainder when 475964 is divided by 192?
188
Calculate the remainder when 18387 is divided by 30.
27
Calculate the remainder when 1877563 is divided by 379.
376
What is the remainder when 3864 is divided by 501?
357
Calculate the remainder when 1239 is divided by 312.
303
What is the remainder when 21066 is divided by 55?
1
Calculate the remainder when 9718 is divided by 26.
20
What is the remainder when 43461 is divided by 10865?
1
Calculate the remainder when 882643 is divided by 95.
93
Calculate the remainder when 25724 is divided by 1067.
116
What is the remainder when 19537 is divided by 133?
119
Calculate the remainder when 201004 is divided by 66971.
91
Calculate the remainder when 352 is divided by 275.
77
Calculate the remainder when 530 is divided by 136.
122
What is the remainder when 49898 is divided by 49856?
42
Calculate the remainder when 1727 is divided by 325.
102
What is the remainder when 59534 is divided by 130?
124
Calculate the remainder when 3009 is divided by 236.
177
What is the remainder when 17947 is divided by 222?
187
Calculate the remainder when 59881 is divided by 29.
25
Calculate the remainder when 73378 is divided by 6114.
10
What is the remainder when 155366 is divided by 217?
211
Calculate the remainder when 75938 is divided by 9.
5
What is the remainder when 13826 is divided by 40?
26
What is the remainder when 150450 is divided by 37505?
430
Calculate the remainder when 1008 is divided by 107.
45
Calculate the remainder when 12872 is divided by 75.
47
Calculate the remainder when 136293 is divided by 637.
612
Calculate the remainder when 2181 is divided by 527.
73
What is the remainder when 9178 is divided by 50?
28
What is the remainder when 1115 is divided by 375?
365
What is the remainder when 17342 is divided by 155?
137
Calculate the remainder when 4351824 is divided by 811.
809
Calculate the remainder when 5799080 is divided by 1412.
1408
What is the remainder when 5299 is divided by 57?
55
Calculate the remainder when 137810 is divided by 119.
8
What is the remainder when 1546 is divided by 48?
10
What is the remainder when 8167638 is divided by 26?
24
What is the remainder when 567155 is divided by 151?
150
What is the remainder when 1477 is divided by 772?
705
What is the remainder when 147 is divided by 11?
4
What is the remainder when 942 is divided by 63?
60
What is the remainder when 62481 is divided by 279?
264
Calculate the remainder when 5148 is divided by 204.
48
Calculate the remainder when 7291 is divided by 9.
1
What is the remainder when 14676 is divided by 69?
48
What is the remainder when 29623 is divided by 7405?
3
Calculate the remainder when 14473 is divided by 367.
160
What is the remainder when 5615 is divided by 431?
12
Calculate the remainder when 4719 is divided by 311.
54
Calculate the remainder when 155823 is divided by 409.
403
Calculate the remainder when 46476 is divided by 15444.
144
Calculate the remainder when 15224 is divided by 7568.
88
Calculate the remainder when 145845 is divided by 472.
469
What is the remainder when 106607 is divided by 2664?
47
Calculate the remainder when 2861 is divided by 2747.
114
What is the remainder when 222902 is divided by 7430?
2
Calculate the remainder when 1152931 is divided by 1206.
1201
Calculate the remainder when 599439 is divided by 653.
638
Calculate the remainder when 539716 is divided by 2060.
2056
What is the remainder when 1198812 is divided by 1047?
1044
What is the remainder when 9194 is divided by 657?
653
Calculate the remainder when 25264 is divided by 156.
148
What is the remainder when 16518 is divided by 65?
8
Calculate the remainder when 1704 is divided by 507.
183
What is the remainder when 46498 is divided by 129?
58
What is the remainder when 7338797 is divided by 17?
16
What is the remainder when 4231 is divided by 485?
351
What is the remainder when 2726 is divided by 209?
9
What is the remainder when 454899 is divided by 25?
24
What is the remainder when 70818 is divided by 8?
2
Calculate the remainder when 10868 is divided by 418.
0
Calculate the remainder when 6985 is divided by 2811.
1363
Calculate the remainder when 112669 is divided by 107.
105
What is the remainder when 54 is divided by 54?
0
Calculate the remainder when 47 is divided by 13.
8
What is the remainder when 13979 is divided by 12?
11
Calculate the remainder when 1891 is divided by 863.
165
What is the remainder when 159595 is divided by 665?
660
Calculate the remainder when 55286 is divided by 21.
14
Calculate the remainder when 1057862 is divided by 7.
1
What is the remainder when 27091 is divi